{"id":133,"date":"2022-06-29T16:34:46","date_gmt":"2022-06-29T19:34:46","guid":{"rendered":"https:\/\/zeromorte.org.br\/?page_id=133"},"modified":"2024-09-25T13:58:30","modified_gmt":"2024-09-25T16:58:30","slug":"podcast","status":"publish","type":"page","link":"https:\/\/zeromorte.org.br\/index.php\/podcast\/","title":{"rendered":"Podcast"},"content":{"rendered":"<p><div class=\"fusion-bg-parallax\" data-bg-align=\"center center\" data-direction=\"up\" data-mute=\"false\" data-opacity=\"100\" data-velocity=\"-0.5\" data-mobile-enabled=\"false\" data-break_parents=\"0\" data-bg-image=\"https:\/\/zeromorte.org.br\/wp-content\/uploads\/2022\/03\/bg-zero.jpg\" data-bg-repeat=\"false\" ><\/div><div class=\"fusion-fullwidth fullwidth-box fusion-builder-row-1 fusion-flex-container fusion-parallax-up nonhundred-percent-fullwidth non-hundred-percent-height-scrolling\" style=\"--awb-border-radius-top-left:0px;--awb-border-radius-top-right:0px;--awb-border-radius-bottom-right:0px;--awb-border-radius-bottom-left:0px;--awb-padding-top:60px;--awb-padding-bottom:30px;--awb-margin-bottom:30px;--awb-background-image:url(&quot;https:\/\/zeromorte.org.br\/wp-content\/uploads\/2022\/03\/bg-zero.jpg&quot;);--awb-background-size:cover;--awb-flex-wrap:wrap;\" ><div class=\"fusion-builder-row fusion-row fusion-flex-align-items-flex-start fusion-flex-content-wrap\" style=\"max-width:1248px;margin-left: calc(-4% \/ 2 );margin-right: calc(-4% \/ 2 );\"><div class=\"fusion-layout-column fusion_builder_column fusion-builder-column-0 fusion_builder_column_1_1 1_1 fusion-flex-column\" style=\"--awb-bg-size:cover;--awb-width-large:100%;--awb-margin-top-large:0px;--awb-spacing-right-large:1.92%;--awb-margin-bottom-large:20px;--awb-spacing-left-large:1.92%;--awb-width-medium:100%;--awb-order-medium:0;--awb-spacing-right-medium:1.92%;--awb-spacing-left-medium:1.92%;--awb-width-small:100%;--awb-order-small:0;--awb-spacing-right-small:1.92%;--awb-spacing-left-small:1.92%;\"><div class=\"fusion-column-wrapper fusion-column-has-shadow fusion-flex-justify-content-flex-start fusion-content-layout-column\"><div class=\"fusion-title title fusion-title-1 fusion-sep-none fusion-title-center fusion-title-text fusion-title-size-three\" style=\"--awb-text-color:#ffffff;--awb-margin-top-small:10px;--awb-margin-right-small:0px;--awb-margin-bottom-small:10px;--awb-margin-left-small:0px;\"><h3 class=\"fusion-title-heading title-heading-center\" style=\"margin:0;\"><strong>PODCAST<\/strong><\/h3><\/div><\/div><\/div><\/div><\/div><div class=\"fusion-fullwidth fullwidth-box fusion-builder-row-2 fusion-flex-container nonhundred-percent-fullwidth non-hundred-percent-height-scrolling\" style=\"--awb-border-radius-top-left:0px;--awb-border-radius-top-right:0px;--awb-border-radius-bottom-right:0px;--awb-border-radius-bottom-left:0px;--awb-flex-wrap:wrap;\" ><div class=\"fusion-builder-row fusion-row fusion-flex-align-items-flex-start fusion-flex-content-wrap\" style=\"max-width:1248px;margin-left: calc(-4% \/ 2 );margin-right: calc(-4% \/ 2 );\"><div class=\"fusion-layout-column fusion_builder_column fusion-builder-column-1 fusion_builder_column_1_1 1_1 fusion-flex-column\" style=\"--awb-bg-size:cover;--awb-width-large:100%;--awb-margin-top-large:0px;--awb-spacing-right-large:1.92%;--awb-margin-bottom-large:20px;--awb-spacing-left-large:1.92%;--awb-width-medium:100%;--awb-order-medium:0;--awb-spacing-right-medium:1.92%;--awb-spacing-left-medium:1.92%;--awb-width-small:100%;--awb-order-small:0;--awb-spacing-right-small:1.92%;--awb-spacing-left-small:1.92%;\"><div class=\"fusion-column-wrapper fusion-column-has-shadow fusion-flex-justify-content-flex-start fusion-content-layout-column\"><div class=\"fusion-text fusion-text-1\" style=\"--awb-text-transform:none;\"><h4 style=\"text-align: center;\">PODCAST ROTA VIVA EP.8<br \/>\nO impacto da imobilidade para as cidades<\/h4>\n<p class=\"Type__TypeElement-goli3j-0 iaEwFO umouqjSkMUbvF4I_Xz6r\" style=\"text-align: center;\">Voc\u00ea sabia mobilidade convencional, aquela em que a maioria da popula\u00e7\u00e3o usa o autom\u00f3vel nos mesmos hor\u00e1rios e nas mesmas ruas e avenidas, \u00e9 para a sa\u00fade das cidades como um parasita?<\/p>\n<p class=\"Type__TypeElement-goli3j-0 iaEwFO umouqjSkMUbvF4I_Xz6r\" style=\"text-align: center;\">Com cada vez mais polui\u00e7\u00e3o e congestionamentos, mais perda de dinheiro e problemas com a sa\u00fade.<\/p>\n<p class=\"Type__TypeElement-goli3j-0 iaEwFO umouqjSkMUbvF4I_Xz6r\" style=\"text-align: center;\">No novo epis\u00f3dio do\u00a0#PodcastRotaViva, batemos um papo com Paulo P\u00eagas e @eriveltonguedes sobre o impacto da imobilidade para as cidades. O Paulo, \u00e9 doutor em engenharia de transportes e diretor-presidente do Instituto Zero Mortes, j\u00e1 o Erivelton, coordena um estudo sobre o custo dos sinistros de tr\u00e2nsito para a sa\u00fade p\u00fablica.<\/p>\n<p class=\"Type__TypeElement-goli3j-0 iaEwFO umouqjSkMUbvF4I_Xz6r\" style=\"text-align: center;\">D\u00e1 o play e escuta essa maravilhosa entrevista.<\/p>\n<\/div><div style=\"text-align:center;\"><a class=\"fusion-button button-flat fusion-button-default-size button-custom fusion-button-default button-1 fusion-button-default-span fusion-button-default-type fusion-has-button-gradient\" style=\"--button_accent_color:var(--awb-color1);--button_accent_hover_color:var(--awb-color1);--button_border_hover_color:var(--awb-color1);--button_gradient_top_color:#1a3393;--button_gradient_bottom_color:#130e70;--button_gradient_top_color_hover:#130e70;--button_gradient_bottom_color_hover:#0f003d;\" target=\"_blank\" rel=\"noopener noreferrer\" href=\"https:\/\/open.spotify.com\/episode\/3KCkT7b6GxJ63Q6yefo0L3?si=rZxRWPr3Rl-JQ9bAjL3rew&amp;utm_source=whatsapp&amp;nd=1\"><span class=\"fusion-button-text awb-button__text awb-button__text--default\">DE O PLAY<\/span><i class=\"fa-play-circle fas awb-button__icon awb-button__icon--default button-icon-right\" aria-hidden=\"true\"><\/i><\/a><\/div><\/div><\/div><\/div><\/div><\/p>\n","protected":false},"excerpt":{"rendered":"","protected":false},"author":1,"featured_media":0,"parent":0,"menu_order":0,"comment_status":"closed","ping_status":"closed","template":"100-width.php","meta":{"footnotes":""},"class_list":["post-133","page","type-page","status-publish","hentry"],"_links":{"self":[{"href":"https:\/\/zeromorte.org.br\/index.php\/wp-json\/wp\/v2\/pages\/133","targetHints":{"allow":["GET"]}}],"collection":[{"href":"https:\/\/zeromorte.org.br\/index.php\/wp-json\/wp\/v2\/pages"}],"about":[{"href":"https:\/\/zeromorte.org.br\/index.php\/wp-json\/wp\/v2\/types\/page"}],"author":[{"embeddable":true,"href":"https:\/\/zeromorte.org.br\/index.php\/wp-json\/wp\/v2\/users\/1"}],"replies":[{"embeddable":true,"href":"https:\/\/zeromorte.org.br\/index.php\/wp-json\/wp\/v2\/comments?post=133"}],"version-history":[{"count":6,"href":"https:\/\/zeromorte.org.br\/index.php\/wp-json\/wp\/v2\/pages\/133\/revisions"}],"predecessor-version":[{"id":183,"href":"https:\/\/zeromorte.org.br\/index.php\/wp-json\/wp\/v2\/pages\/133\/revisions\/183"}],"wp:attachment":[{"href":"https:\/\/zeromorte.org.br\/index.php\/wp-json\/wp\/v2\/media?parent=133"}],"curies":[{"name":"wp","href":"https:\/\/api.w.org\/{rel}","templated":true}]}}